= 0, -3*h + w*h = 2*j + 114. What is the tens digit of h?
3
Suppose 14506159 - 5627635 = -13*p + 137*p. What is the hundreds digit of p?
6
Suppose -304420 = 51*g - 71*g. What is the tens digit of g?
2
Let u(c) = 490*c - 8767. What is the hundreds digit of u(57)?
1
Let c(d) = 31*d**2 - 31*d + 178. Suppose -5*i + 10*h = 14*h - 13, -4*h - 7 = i. What is the tens digit of c(i)?
9
Let k be 9*(-26)/117*(-5 + 0). Suppose -6*j + k*j = 100. What is the tens digit of j?
2
Let n(i) = -2*i**3 - 65*i**2 - 32*i + 2. Let u be n(-32). Suppose 2*h = 6, u*y - 712 = h + h. What is the hundreds digit of y?
3
Let b = 7680 + -7333. What is the tens digit of b?
4
Let h(u) = -38*u + 6. Let q be h(3). Let n = 117 - q. What is the hundreds digit of n?
2
What is the hundreds digit of 14936 + -10*((-26)/4 + 7)?
9
Let k = -969 - -968. What is the tens digit of 4 - ((k - 101) + 6)?
0
Suppose 3*r + 100*x - 10735 = 96*x, -2*x + 8 = 0. What is the tens digit of r?
7
Suppose 4*q = 7*q + 93. Let d = 36 + q. Suppose 6*i = d*i + 85. What is the units digit of i?
5
Let u(x) = -x**2 + 9*x + 17. Let t be u(10). Suppose -t*v + 8*v - 786 = 0. What is the tens digit of v?
8
Suppose -2*u = 3*x - 5*x - 480, 3*x - 925 = -4*u. Let c = -51 + u. What is the units digit of c?
4
What is the ten thousands digit of -15 + -29360*12/(-30)?
1
Suppose -20*g = 3*i - 18*g - 4743, 4*i - 6324 = -g. Suppose -3*z + 441 = -i. What is the tens digit of z?
7
Suppose 2*p = -3*x - 63 - 30, -177 = 4*p + 3*x. Let s = -150 + 266. Let q = p + s. What is the units digit of q?
4
Suppose 0 = -2*o + 3*g - 15, 4*o + 9 = 2*g - 1. Let i be (-5)/(-3)*(2 + (1 - o)). Suppose -i*t + 89 = z + 2*z, -4*t = 4*z - 68. What is the tens digit of t?
1
Let b(n) = -11*n**3 + 2*n**2 - n - 2. Let q be b(-1). Let f be (35/(-21))/((-1)/q). What is the units digit of -399*(f/12)/5*-1?
3
Suppose -15486 = 65*k - 71*k. What is the tens digit of k?
8
Let a = 29 - 31. Let h be 27*5 - ((-10)/a - 4). Suppose 0 = 4*o - 8, -3*o - 70 = -3*q + h. What is the units digit of q?
0
Suppose -n = 4*b - 81349, 27*n - 5 = 26*n. What is the hundreds digit of b?
3
Let k(w) = -414*w - 53. Let q(x) = -412*x - 51. Let z(c) = -3*k(c) + 4*q(c). What is the tens digit of z(-2)?
6
Let d = -43567 + 100534. What is the hundreds digit of d?
9
Let k(g) = -g**3 + 16*g**2 + 2. Let p be k(16). Suppose p*l = l. Suppose 5*r - 50 = 4*q, 0 = 2*r - l*q - 2*q - 22. What is the units digit of r?
6
Suppose -53*b = -3707 - 4402. What is the thousands digit of 194718/b + 2/6?
1
Let o(z) = -39*z - 15. Let r be o(-1). Let j(b) = -b**3 + 25*b**2 - 15*b - 4. What is the hundreds digit of j(r)?
2
Suppose 30*o - 16*o - 21*o = -194964. What is the thousands digit of o?
7
Let s = -2707 - -5542. What is the hundreds digit of s?
8
Suppose -3*b + 3281 = 2*m, b = 2*m - 3950 + 673. What is the hundreds digit of m?
6
Let j be 1 + (-758)/(-26) + 4/(-26). Let o(z) = 59*z + 20 - j*z - 26*z. What is the units digit of o(-5)?
5
Suppose 0 = -131*h - 15*h + 3640364. What is the hundreds digit of h?
9
What is the units digit of 4824732/121 - -3*(-6)/(-99)?
4
Let l = 66 - 66. Suppose 3*d = -4*g + 25, 2*g - 4*d + l*d = -4. Suppose -7*b = g*b - 869. What is the tens digit of b?
7
Let z = -684 - -4735. Let c = 5827 - z. Suppose -14*t = -2*t - c. What is the units digit of t?
8
Let b(a) = 502*a - 16. What is the thousands digit of b(12)?
6
Suppose 32*y + 100248 = 193783 + 308801. What is the tens digit of y?
7
Suppose -3978260 = -162*d + 127*d - 251*d. What is the units digit of d?
0
Let j = 2971 - 1650. Suppose f + f = 4*i - 1758, 3*i + f = j. Suppose -i = 2*r - 13*r. What is the units digit of r?
0
Suppose 2*d - 226 = -930. Let t = 97 + d. Let q = -171 - t. What is the tens digit of q?
8
Let k(c) be the first derivative of -7*c**4/4 + c**3/3 + 2*c - 2. Let b(w) = -10*w - 102. Let j be b(-10). What is the units digit of k(j)?
2
Suppose s - 9 = -6. Suppose -2*u + s*u = 6*u. Suppose u = -0*y + y + w - 151, 5*y + 3*w - 761 = 0. What is the tens digit of y?
5
Suppose -16*l - 95098 = -251290. What is the thousands digit of l?
9
Suppose -12*z + 254 = -106. What is the units digit of (-205)/(-50)*4*z/4?
3
Let n(t) = -t - 1. Let f be n(-5). Suppose -3*u - 2*g = -34, f*u - 76 = 3*g + 2*g. Suppose u = 3*d + 4*l - 83, 160 = 5*d + 5*l. What is the units digit of d?
1
Suppose 4*s = 3*g + 33, 4*s - 4 = -5*g + 5. Let u be 8*-1*s*(-4)/(-6). What is the tens digit of -2 - 3 - -9 - u?
3
Let j(f) be the second derivative of -34*f**3/3 - 27*f**2/2 - f - 3. What is the hundreds digit of j(-5)?
3
Let v(w) = -w + w**2 - 2*w**2 - 42 + 15*w. Let r be v(5). Suppose r*q + 7 = x + x, -4*x = q - 7. What is the units digit of x?
2
Let d(r) = 1332 + 17*r + 15*r + 11*r + 31*r. Let v(h) = 2. Let l(z) = 2*d(z) - 1332*v(z). What is the hundreds digit of l(1)?
1
Let s(p) = -4*p**2 - 2 + 46*p - 21*p + 3*p**2 - p**3 + 12*p**2. What is the tens digit of s(12)?
5
Let u be 18088/20 + 8/(-20)*1. Suppose -4624 + u = -15*k. What is the tens digit of k?
4
Let n(i) = 4*i**3 - 3*i**2 - 3*i + 2. Let p be n(2). Suppose -17*w + 484 = -p*w. Suppose -2*m + 2*g = -328, -3*m + w = -7*g + 2*g. What is the tens digit of m?
6
Let k(q) = -118*q - 69. Let b(c) = 20*c - 45. Let s be b(2). What is the units digit of k(s)?
1
Suppose -8*z - 5*z = 8827. Let r = z - -961. What is the units digit of r?
2
Suppose 7*j - 14 = 14. Suppose 0 = -3*a - j*o + 2894, 3*o = 5*a + 5*o - 4828. What is the tens digit of a/35 - 6/(-15)?
2
Let s be 348/54 + 24/(-54). Suppose -s*l + 1991 = -2197. What is the hundreds digit of l?
6
Let l be -3 + (-6853)/(-6) - (-6)/(-36). Let p = 1633 - l. What is the tens digit of p?
9
Let y(o) be the first derivative of 22*o**3/3 + 11*o**2/2 + 23*o + 109. What is the units digit of y(-5)?
8
Let g(w) = -68*w + 29 + 32 - 58. Let r(k) = -k + 5. Let d be r(7). What is the hundreds digit of g(d)?
1
Suppose 77510 = 9*g - 103435. What is the ten thousands digit of g?
2
Let u = 108 - -454. Let p = -102 + u. What is the tens digit of p?
6
Let w = 3229 - -10530. What is the units digit of w?
9
Let h(n) = -n**3 + 8*n**2 - 11*n - 6. Let q be h(6). Suppose -823 + 205 = -5*k - j, q = -4*k - 3*j + 501. Let f = -63 + k. What is the units digit of f?
0
What is the ten thousands digit of ((-1800)/(-135))/((-8)/(-7908))?
1
Suppose 34*s + 16*s - 64600 = 0. What is the units digit of s?
2
Let q = 172 - 96. Suppose -3*b + q = -110. Let v = b - -45. What is the hundreds digit of v?
1
What is the thousands digit of 58769 - -173 - (0 + 0)?
8
Suppose -3*c + 28 = 3*d - 2*c, c + 20 = 3*d. Suppose d = 2*h + 2*h. Suppose -4*l + 116 = -h*l. What is the tens digit of l?
5
Let n = 76 + -73. Suppose 0 = 5*a - n*f - 1722, 8*a + 5*f = 4*a + 1348. What is the units digit of a?
2
Suppose 17*p = 13*p. Suppose 4*w + 8 = -4*o, -3*o - w - w - 1 = p. Let x(m) = 3*m**3 + 4*m**2 - 6*m + 7. What is the tens digit of x(o)?
0
Let q = -84479 + 137859. What is the hundreds digit of q?
3
Let o(x) = -2*x**3 - 11*x**2 - 20*x - 2. Let j(f) = f**2 + f + 2. Let v(h) = 3*j(h) + o(h). What is the tens digit of v(-8)?
5
Let i(u) be the second derivative of 7*u**3/6 + 51*u**2/2 + 3*u. Let n be i(-13). Let g = n + 81. What is the tens digit of g?
4
Let y(i) = -i**3 + 14*i**2 + 40*i + 33. Let f be y(17). Suppose -14*b = -11*b + 792. Let s = f - b. What is the tens digit of s?
1
Suppose 7*q = 3*q - 2*y + 446, -208 = -2*q - 4*y. Let p(f) = -12 - 4*f - f**3 + 62*f**2 - q*f**2 + 65*f**2. What is the units digit of p(12)?
4
Let n(w) = -w**3 + 3*w**2 + 4*w + 5. Let d be n(4). Suppose 0*l - l - 6 = 2*j, -5*l = d*j + 10. Suppose -31 = -l*r + 85. What is the units digit of r?
8
Let i be (-3)/4 - (-150)/40. Suppose 18 + 13 = 4*h - 5*m, 5*h - 42 = i*m. What is the tens digit of 1/h + (-7645)/(-45)?
7
Let g be (-3)/((-9)/(-55)) + (-19)/(-57). Let r be (8/6)/((-3)/g). Let j = r + 6. What is the tens digit of j?
1
Let o = -7707 + 9351. What is the units digit of o?
4
Let q = 3384 + -780. Let i = q + -1482. What is the units digit of i?
2
Suppose -2*r - 44 = -6*r. Suppose 0 = 7*d + r*d - 19242. What is the hundreds digit of d?
0
Let a be (-2210)/(-306) - 4/18. Suppose -3*c - 2280 = -a*c + 2*p, -2*p - 2849 = -5*c. What is the tens digit of c?
6
Suppose i = -3*x - 5 - 2, 0 = i - 2. Let b be ((-472)/(-12))/(1/x). What is the tens